Calculate the greatest common factor of 25 and b.
25
Let f be 2/(-10) - (-2 - (-64)/(-20)). Suppose -4*n = -9*n. Suppose n = 5*b + w - 270, -5*w + 195 = 2*b + 2*b. Calculate the greatest common divisor of f and b.
5
Let p = -339 + 175. Suppose -2*b = -0*b + 184. Let v = b - p. What is the highest common divisor of v and 48?
24
Let m = -89 - -34. Let v = m + 185. Let w = 19 - 6. What is the greatest common divisor of v and w?
13
Suppose -2*b + 5*m - 44 - 22 = 0, -4*b = -5*m + 132. Let l = 21 - b. Let q be ((-36)/(-15))/((-16)/(-40)). Calculate the greatest common divisor of q and l.
6
Let p(j) = j**2 - 7*j - 4. Let x be p(8). Calculate the highest common divisor of 44 and x.
4
Let j(n) = n**3 + 6*n**2 - 4*n - 9. Suppose 6 + 6 = -2*d. Let g be j(d). Calculate the highest common divisor of g and 75.
15
Let h = -13 - -68. What is the highest common factor of h and 22?
11
Suppose 4*h - 5*j - 26 = 0, -3*h = 3*j - 6*j - 18. Suppose 0 = -4*q + 3*a - 2*a + 106, 4*q + h*a = 116. Calculate the greatest common divisor of q and 9.
9
Let w be (6/(-15) + 2)*5. Suppose 0 = -m - l - 0 + w, 3*m = l + 4. Suppose 2*f = -c - m + 56, -5*c + 73 = 2*f. What is the highest common divisor of f and 6?
6
Suppose -5*q + 14 = -21. Let d(a) = 1 + a - 4 - 2. Let n be d(q). What is the greatest common factor of 2 and n?
2
Suppose 0 = -4*h + 58 + 70. Suppose 2*x = -4*x + 48. What is the greatest common divisor of x and h?
8
Suppose 2*n = g + 41, g = -2*n + 3*g + 46. Suppose -q + 3*m + n = 0, -6 = -2*m + 2. What is the greatest common divisor of 45 and q?
15
Suppose 0 = 4*y - 3*p - 126, -4*y - 3*p + 91 = -23. What is the greatest common factor of 75 and y?
15
Let b = 65 - 57. Calculate the greatest common factor of 4 and b.
4
Let j be (-11)/2*6*4. Let o(w) = -2*w**2 + 13*w + 11. Let u be o(11). Let m = u - j. What is the greatest common divisor of m and 11?
11
Let o be (-172)/(-8) + 1/(-2). Suppose -7*s + 28 = -3*s. Suppose s*p = 6*p + 21. What is the highest common divisor of o and p?
21
Let r(o) = o**2 - 8*o + 5. Let c be r(5). Let l be (225/c)/((-6)/8). Suppose k - l = -2. Calculate the highest common factor of 4 and k.
4
Suppose 5*y + 98 = -5*x + 673, -x + 97 = -5*y. What is the highest common factor of x and 14?
14
Let b(r) = r**2 - 5*r + 12. Let d be b(13). Suppose -3*m - d = -5*s, 3*s = s + 4*m + 38. What is the highest common divisor of 275 and s?
25
Let z = 53 - 52. Calculate the greatest common divisor of z and 11.
1
Suppose 0*p + 36 = 4*p. Calculate the greatest common factor of p and 9.
9
Let z be (-10)/2 - (25 + -37). What is the greatest common factor of z and 56?
7
Let i(z) = -7*z + 2. Let j be i(-4). Let l(k) = k**3 - 8*k**2 + 9*k + 3. Let d be l(8). What is the greatest common divisor of j and d?
15
Suppose 3*n = 5 + 1. Suppose 5*k + n*b - 70 - 22 = 0, b + 89 = 5*k. Suppose -t - 15 = -141. Calculate the greatest common factor of t and k.
18
Suppose -g + 4*r = r + 8, -2*g - 2*r + 24 = 0. Let s(t) = -t**3 + 11*t**2 - 4*t + 17. Let p be s(10). Calculate the greatest common factor of p and g.
7
Let p(a) = a**3 - a**2 - 3*a + 7. Let t be p(3). Calculate the highest common factor of t and 24.
8
Suppose 16*r = 12*r + 1020. Suppose 6*j - r = j. Calculate the highest common factor of j and 17.
17
Suppose 6*g + 2*o = 3*g + 34, -g - o = -12. What is the highest common factor of 10 and g?
10
Let b = 105 + 78. Suppose 297 = 5*i + 3*h, 0*i + 3*h + b = 3*i. Let r = i + -27. Calculate the highest common divisor of r and 22.
11
Suppose -23 - 2 = 5*i. Let n(l) = -l + 7. Let y be n(i). Calculate the greatest common divisor of 18 and y.
6
Suppose -w = 3 - 30. Let v = -2 + 17. Suppose -5*h + v = -5*t, -5*h + t + 16 - 1 = 0. What is the highest common divisor of w and h?
3
Let w(d) be the first derivative of d**3/3 - 4*d**2 - 10*d + 4. Let k be w(10). What is the highest common factor of k and 110?
10
Let u(o) = -7*o - 2. Let t be u(-5). Calculate the greatest common factor of 3 and t.
3
Suppose -3*r = -0 - 6. Suppose 0 = r*s - 3*t + t - 262, s + 5*t = 143. Let y(p) = 17*p + 2. Let o be y(1). What is the highest common divisor of s and o?
19
Let k(p) = -3*p**3 - p**2 + 4*p**2 + 7*p**3 - p**2. Let y be k(2). Calculate the highest common divisor of y and 10.
10
Let w = 35 + -15. Let t(j) = -7*j + 5. Let p(q) = 20*q - 14. Let g(u) = -6*p(u) - 17*t(u). Let c be g(-5). Calculate the greatest common divisor of c and w.
4
Let s(h) = 3*h - 9. Let q be ((-6)/10)/((-1)/5). Suppose j - 4 - q = 0. Let a be s(j). Calculate the greatest common factor of 60 and a.
12
Let m = -27 + 51. What is the greatest common divisor of m and 12?
12
Let t be -2 - ((5 - 3) + -14). Let q = 18 - t. What is the greatest common factor of q and 32?
8
Suppose 0 = k + 4*k - 15. Suppose -4*z + 100 = -k*o - 2*o, z = -o + 34. What is the greatest common factor of z and 12?
6
Suppose 5*j - 3*d - 10 = -7*d, 0 = -4*d. Suppose 2*f - 18 = j*b, 2*f + 4*b + 45 = 7*f. Calculate the greatest common factor of 27 and f.
9
Let l(x) = -3*x**3 + x**2 + 1 + 5*x**3 + 0*x**2 - 4*x**2. Let j be l(2). Let g be 8/28 + (-103)/(-7). Calculate the greatest common factor of g and j.
5
Let g = 377 - 179. What is the highest common divisor of 18 and g?
18
Let p = -1 - -7. Let o = -133 + 163. Calculate the highest common divisor of p and o.
6
Suppose -4*k + 2*r - 3 + 33 = 0, -15 = -3*r. What is the highest common divisor of k and 35?
5
Let d = -12 - -18. Calculate the highest common factor of d and 9.
3
Suppose 2*y - 179 = -3*n, y - n - 141 + 49 = 0. Let l = y + -139. Let z be l*(9/6)/(-3). What is the highest common factor of z and 8?
8
Suppose -3 = -f - 2*d, -3*f - 3*d + 16 = -8. Calculate the greatest common factor of 104 and f.
13
Let z = 327 - 192. Calculate the greatest common factor of z and 54.
27
Let r(t) = t**2 - 5*t. Let b be r(6). Let o be (-6*1)/3 + 0. Let g be o/(0 - 2) - -8. Calculate the greatest common factor of b and g.
3
Let i(b) = 2*b. Let o be i(5). What is the highest common factor of o and 90?
10
Let a(j) = j**2 + 5*j - 1. Let m be a(-5). Let b = m + 5. Suppose -4*r - 10 + 38 = 4*o, 28 = b*r - 2*o. Calculate the greatest common divisor of 1 and r.
1
Let o(z) = z**2 + 3*z + 2. Let b be o(-3). Let p = -21 + 25. What is the greatest common factor of b and p?
2
Let b = -6 - -9. Suppose 3*q + 0*g - 102 = -b*g, 5*g + 190 = 5*q. Calculate the highest common divisor of 12 and q.
12
Let b be -1 - (0 - 1)*46. Let y be (-4)/10*(-3 - 27). Let p be (y/10)/((-2)/(-30)). Calculate the greatest common factor of b and p.
9
Let i be (18/(-4) + 0)*-24. Let r(w) = 2*w**2 - 9*w. Let b be r(6). Calculate the highest common factor of b and i.
18
Let n = 36 + -16. Let g(t) = t**2 + 21*t + 30. Let a be g(-20). What is the highest common divisor of n and a?
10
Let o be (-46 + 1)/(-5) + 1. Calculate the greatest common factor of 110 and o.
10
Let s = -8 + -1. Let n = 16 + s. What is the greatest common divisor of n and 7?
7
Let m = 48 + -38. What is the highest common factor of m and 2?
2
Let y = 10 - -16. What is the highest common factor of 65 and y?
13
Let w = 43 - 38. What is the highest common factor of w and 1?
1
Let t = 85 - 35. Suppose -5*d - 2*i + 325 = -7*i, 257 = 4*d - 5*i. Let s = d + -48. What is the greatest common divisor of t and s?
10
Let l be 4 - -1 - (-1 + 2). Let j be (-5)/10 - (-26)/l. Calculate the greatest common divisor of 18 and j.
6
Let c be (38 + -1)*10/10. Calculate the highest common divisor of 407 and c.
37
Let g be 2*10/(-4) - -3. Let n be 70/2*(g + 5). Calculate the greatest common divisor of 15 and n.
15
Suppose -4*d + 18 = q, -5*d = q - 4*q + 139. Suppose -4*o - m = -q - 22, -2*o + 3*m = -44. What is the highest common divisor of o and 128?
16
Let n(t) = 1 + 3 + 2*t + 3*t**2 + 1 - t**2. Let l be n(-6). Calculate the highest common factor of l and 26.
13
Suppose -21 = b + 2*d + 3*d, 0 = -b + d + 9. Let u be (-10)/4*-1*b. Calculate the highest common factor of u and 70.
10
Suppose -2*n + 0 = 4. Let i = 18 + 9. Let q be -2*(i/n + 1). What is the highest common factor of q and 5?
5
Let v(m) = -83*m - 8. Let q be v(-4). Suppose -3*o + 7 + 101 = 0. Calculate the highest common factor of o and q.
36
Let x(a) = -a**2 - 7*a - 3. Let q be x(-3). What is the greatest common divisor of 27 and q?
9
Suppose 3*i - 18 - 3 = 0. Le